{"id":3050,"date":"2022-03-21T20:57:21","date_gmt":"2022-03-21T20:57:21","guid":{"rendered":"https:\/\/www.tecnifogo.com\/?post_type=product&#038;p=3050"},"modified":"2023-05-12T13:28:14","modified_gmt":"2023-05-12T13:28:14","slug":"extintor-co2_10_20kg","status":"publish","type":"product","link":"https:\/\/www.tecnifogo.com\/index.php\/produto\/extintor-co2_10_20kg\/","title":{"rendered":"Extintor co2_10_20KG"},"content":{"rendered":"<p><a href=\"https:\/\/www.tecnifogo.com\/wp-content\/uploads\/2022\/03\/FICHA-TECNICA-EXTINTOR-CO2-10KG.pdf\">FICHA TECNICA EXTINTOR CO2 10KG<\/a><\/p>\n<p><strong>EXTINTOR INDICADO PARA INSTALA\u00c7\u00d5ES EL\u00c9TRICAS<\/strong><br \/>\nO extintor de CO2 \u00e9 amplamente utilizado na prote\u00e7\u00e3o de instala\u00e7\u00f5es el\u00e9tricas sens\u00edveis tais como em sala de servidores, quadro eletricos entre outros onde a sua prote\u00e7\u00e3o ativa em caso de fogo o torna essencial para ter as suas instala\u00e7\u00f5es protegidas. Os extintores de CO2 (G\u00e1s Di\u00f3xido de Carbono) utilizam este g\u00e1s para eliminar o oxig\u00e9nio de modo a &#8220;abafar&#8221; o inc\u00eandio. Os extintores de CO2 s\u00e3o aptos para combate a inc\u00eandios de Classe B (l\u00edquidos inflam\u00e1veis tais como \u00f3leo, gasolina, \u00e1lcool, tintas, vernizes&#8230;) e inc\u00eandios de Classe C (gases inflam\u00e1veis tais como, g\u00e1s natural, butano, propano, etileno&#8230;).<\/p>\n<p><strong>EXTINTOR M\u00d3VEL DE 10\/20KG DE CO2<\/strong><br \/>\nExtintor da marca EXFAEX, com a capacidade de 10\/20 kg de CO2. O extintor \u00e9 montado em chari\u00f4t de constru\u00e7\u00e3o met\u00e1lica, com 2 rodas. Este tipo de extintor \u00e9 aconselhado para a prote\u00e7\u00e3o de salas t\u00e9cnicas; oficinas mec\u00e2nicas; quadros e equipamentos el\u00e9tricos ou eletr\u00f3nicos; etc.<\/p>\n<p>Modelo Refer\u00eancia<br \/>\nEM 10 kg CO2 801038<br \/>\nEM 20 kg CO2 801039<\/p>\n","protected":false},"excerpt":{"rendered":"<p>FICHA TECNICA EXTINTOR CO2 10KG EXTINTOR INDICADO PARA INSTALA\u00c7\u00d5ES EL\u00c9TRICAS O extintor de CO2 \u00e9 amplamente utilizado na prote\u00e7\u00e3o de instala\u00e7\u00f5es el\u00e9tricas sens\u00edveis tais como em sala de servidores, quadro&hellip;<\/p>\n","protected":false},"featured_media":3044,"template":"","meta":{"_themeisle_gutenberg_block_has_review":false},"product_cat":[84],"product_tag":[],"_links":{"self":[{"href":"https:\/\/www.tecnifogo.com\/index.php\/wp-json\/wp\/v2\/product\/3050"}],"collection":[{"href":"https:\/\/www.tecnifogo.com\/index.php\/wp-json\/wp\/v2\/product"}],"about":[{"href":"https:\/\/www.tecnifogo.com\/index.php\/wp-json\/wp\/v2\/types\/product"}],"wp:featuredmedia":[{"embeddable":true,"href":"https:\/\/www.tecnifogo.com\/index.php\/wp-json\/wp\/v2\/media\/3044"}],"wp:attachment":[{"href":"https:\/\/www.tecnifogo.com\/index.php\/wp-json\/wp\/v2\/media?parent=3050"}],"wp:term":[{"taxonomy":"product_cat","embeddable":true,"href":"https:\/\/www.tecnifogo.com\/index.php\/wp-json\/wp\/v2\/product_cat?post=3050"},{"taxonomy":"product_tag","embeddable":true,"href":"https:\/\/www.tecnifogo.com\/index.php\/wp-json\/wp\/v2\/product_tag?post=3050"}],"curies":[{"name":"wp","href":"https:\/\/api.w.org\/{rel}","templated":true}]}}