{"id":3169,"date":"2022-06-17T14:21:45","date_gmt":"2022-06-17T14:21:45","guid":{"rendered":"https:\/\/www.tecnifogo.com\/?post_type=product&#038;p=3169"},"modified":"2022-06-17T16:04:32","modified_gmt":"2022-06-17T16:04:32","slug":"cad-250-b-caixa-de-expansao-para-ate-8-loops-para-paineis-de-controle-modulares-analogicos-cad-250","status":"publish","type":"product","link":"https:\/\/www.tecnifogo.com\/index.php\/produto\/cad-250-b-caixa-de-expansao-para-ate-8-loops-para-paineis-de-controle-modulares-analogicos-cad-250\/","title":{"rendered":"CAD-250-B Caixa de expans\u00e3o para at\u00e9 8 loops para pain\u00e9is de controle modulares anal\u00f3gicos CAD-250"},"content":{"rendered":"<p><strong>Cart\u00e3o de expans\u00e3o microprocessado de 2 loops para pain\u00e9is de controle anal\u00f3gicos CAD-250<\/strong><br \/>\nPlaca de expans\u00e3o microprocessada com 2 loops com capacidade para 500 dispositivos. 250 endere\u00e7os por loop (detectores, m\u00f3dulos, sirenes ou bot\u00f5es). Conect\u00e1vel a pain\u00e9is de controle anal\u00f3gicos CAD-250.<\/p>\n","protected":false},"excerpt":{"rendered":"<p>Cart\u00e3o de expans\u00e3o microprocessado de 2 loops para pain\u00e9is de controle anal\u00f3gicos CAD-250 Placa de expans\u00e3o microprocessada com 2 loops com capacidade para 500 dispositivos. 250 endere\u00e7os por loop (detectores,&hellip;<\/p>\n","protected":false},"featured_media":3170,"template":"","meta":{"_themeisle_gutenberg_block_has_review":false},"product_cat":[19],"product_tag":[],"_links":{"self":[{"href":"https:\/\/www.tecnifogo.com\/index.php\/wp-json\/wp\/v2\/product\/3169"}],"collection":[{"href":"https:\/\/www.tecnifogo.com\/index.php\/wp-json\/wp\/v2\/product"}],"about":[{"href":"https:\/\/www.tecnifogo.com\/index.php\/wp-json\/wp\/v2\/types\/product"}],"wp:featuredmedia":[{"embeddable":true,"href":"https:\/\/www.tecnifogo.com\/index.php\/wp-json\/wp\/v2\/media\/3170"}],"wp:attachment":[{"href":"https:\/\/www.tecnifogo.com\/index.php\/wp-json\/wp\/v2\/media?parent=3169"}],"wp:term":[{"taxonomy":"product_cat","embeddable":true,"href":"https:\/\/www.tecnifogo.com\/index.php\/wp-json\/wp\/v2\/product_cat?post=3169"},{"taxonomy":"product_tag","embeddable":true,"href":"https:\/\/www.tecnifogo.com\/index.php\/wp-json\/wp\/v2\/product_tag?post=3169"}],"curies":[{"name":"wp","href":"https:\/\/api.w.org\/{rel}","templated":true}]}}