{"id":3196,"date":"2022-06-17T15:06:16","date_gmt":"2022-06-17T15:06:16","guid":{"rendered":"https:\/\/www.tecnifogo.com\/?post_type=product&#038;p=3196"},"modified":"2023-05-12T14:57:49","modified_gmt":"2023-05-12T14:57:49","slug":"mad-451-i-botao-de-alarme-analogico-reajustavel-com-isolador","status":"publish","type":"product","link":"https:\/\/www.tecnifogo.com\/index.php\/produto\/mad-451-i-botao-de-alarme-analogico-reajustavel-com-isolador\/","title":{"rendered":"MAD-451-I Bot\u00e3o de alarme anal\u00f3gico reajust\u00e1vel com isolador"},"content":{"rendered":"<p><strong>Bot\u00e3o de alarme anal\u00f3gico reajust\u00e1vel com isolador<\/strong><br \/>\nBot\u00e3o de alarme anal\u00f3gico reajust\u00e1vel com isolador embutido, para montagem em superf\u00edcie. Incorpora LED indicador de status e chave de teste. Cor vermelha. Certificados CPR EN 54-11 e EN 54-17. Dimens\u00f5es: 85 x 85 x 55 mm.<\/p>\n","protected":false},"excerpt":{"rendered":"<p>Bot\u00e3o de alarme anal\u00f3gico reajust\u00e1vel com isolador Bot\u00e3o de alarme anal\u00f3gico reajust\u00e1vel com isolador embutido, para montagem em superf\u00edcie. Incorpora LED indicador de status e chave de teste. Cor vermelha.&hellip;<\/p>\n","protected":false},"featured_media":3197,"template":"","meta":{"_themeisle_gutenberg_block_has_review":false},"product_cat":[85,87],"product_tag":[],"_links":{"self":[{"href":"https:\/\/www.tecnifogo.com\/index.php\/wp-json\/wp\/v2\/product\/3196"}],"collection":[{"href":"https:\/\/www.tecnifogo.com\/index.php\/wp-json\/wp\/v2\/product"}],"about":[{"href":"https:\/\/www.tecnifogo.com\/index.php\/wp-json\/wp\/v2\/types\/product"}],"wp:featuredmedia":[{"embeddable":true,"href":"https:\/\/www.tecnifogo.com\/index.php\/wp-json\/wp\/v2\/media\/3197"}],"wp:attachment":[{"href":"https:\/\/www.tecnifogo.com\/index.php\/wp-json\/wp\/v2\/media?parent=3196"}],"wp:term":[{"taxonomy":"product_cat","embeddable":true,"href":"https:\/\/www.tecnifogo.com\/index.php\/wp-json\/wp\/v2\/product_cat?post=3196"},{"taxonomy":"product_tag","embeddable":true,"href":"https:\/\/www.tecnifogo.com\/index.php\/wp-json\/wp\/v2\/product_tag?post=3196"}],"curies":[{"name":"wp","href":"https:\/\/api.w.org\/{rel}","templated":true}]}}