{"id":3211,"date":"2022-06-17T15:27:42","date_gmt":"2022-06-17T15:27:42","guid":{"rendered":"https:\/\/www.tecnifogo.com\/?post_type=product&#038;p=3211"},"modified":"2023-05-12T15:06:09","modified_gmt":"2023-05-12T15:06:09","slug":"mad-564-i-sirene-analogica-com-isolador-integrado","status":"publish","type":"product","link":"https:\/\/www.tecnifogo.com\/index.php\/produto\/mad-564-i-sirene-analogica-com-isolador-integrado\/","title":{"rendered":"MAD-564-I-Sirene anal\u00f3gica com isolador integrado"},"content":{"rendered":"<p><a href=\"https:\/\/www.tecnifogo.com\/wp-content\/uploads\/2022\/06\/FT-Sirene-analogica-com-isolador-integrado.pdf\">FT Sirene anal\u00f3gica com isolador integrado<\/a><\/p>\n<p><strong>Sirene anal\u00f3gica com isolador integrado<\/strong><br \/>\nSirene de parede anal\u00f3gica vermelha com isolador embutido para conex\u00e3o direta ao loop. 32 tons e 2 volumes configur\u00e1veis. Pot\u00eancia ac\u00fastica de 95 dB a 100 dB, dependendo do tom selecionado. Ocupa um endere\u00e7o no loop. Cor vermelha. IP33C. Base alta para entrada de tubos expostos. Certificado de RCP EN 54-3 e EN 54-17. \u00c9 alimentado pelo loop ou por uma fonte externa EN 54-4. Dimens\u00f5es: 63 x 118 x 121 mm.<\/p>\n","protected":false},"excerpt":{"rendered":"<p>FT Sirene anal\u00f3gica com isolador integrado Sirene anal\u00f3gica com isolador integrado Sirene de parede anal\u00f3gica vermelha com isolador embutido para conex\u00e3o direta ao loop. 32 tons e 2 volumes configur\u00e1veis.&hellip;<\/p>\n","protected":false},"featured_media":3212,"template":"","meta":{"_themeisle_gutenberg_block_has_review":false},"product_cat":[85,87],"product_tag":[],"_links":{"self":[{"href":"https:\/\/www.tecnifogo.com\/index.php\/wp-json\/wp\/v2\/product\/3211"}],"collection":[{"href":"https:\/\/www.tecnifogo.com\/index.php\/wp-json\/wp\/v2\/product"}],"about":[{"href":"https:\/\/www.tecnifogo.com\/index.php\/wp-json\/wp\/v2\/types\/product"}],"wp:featuredmedia":[{"embeddable":true,"href":"https:\/\/www.tecnifogo.com\/index.php\/wp-json\/wp\/v2\/media\/3212"}],"wp:attachment":[{"href":"https:\/\/www.tecnifogo.com\/index.php\/wp-json\/wp\/v2\/media?parent=3211"}],"wp:term":[{"taxonomy":"product_cat","embeddable":true,"href":"https:\/\/www.tecnifogo.com\/index.php\/wp-json\/wp\/v2\/product_cat?post=3211"},{"taxonomy":"product_tag","embeddable":true,"href":"https:\/\/www.tecnifogo.com\/index.php\/wp-json\/wp\/v2\/product_tag?post=3211"}],"curies":[{"name":"wp","href":"https:\/\/api.w.org\/{rel}","templated":true}]}}